3416
8303 (base 9) to base 7
23502
Convert -14556 (base 9) to base 10.
-9933
What is 393 (base 16) in base 15?
410
1848 (base 11) to base 13
10bb
-14103 (base 5) to base 12
-801
What is -2475 (base 10) in base 13?
-1185
What is 353 (base 13) in base 3?
210022
Convert 1414 (base 9) to base 6.
4534
Convert -2bdd (base 14) to base 15.
-24c9
a385 (base 13) to base 11
15a73
What is -1566 (base 7) in base 6?
-2540
11130202 (base 4) to base 10
22306
What is 32681 (base 10) in base 4?
13332221
Convert -745 (base 9) to base 5.
-4413
Convert 35223 (base 7) to base 11.
6872
What is -b22 (base 13) in base 14?
-98b
-201321 (base 5) to base 11
-4944
63248 (base 9) to base 3
2010021122
Convert 48 (base 10) to base 11.
44
Convert 11000000100 (base 2) to base 14.
7c0
Convert -1201 (base 3) to base 15.
-31
213050 (base 6) to base 12
a186
1303 (base 11) to base 15
782
What is 7db (base 14) in base 6?
11125
-5114 (base 12) to base 16
-2260
Convert 643 (base 7) to base 8.
505
Convert 1021133 (base 4) to base 7.
16466
What is -bbd (base 16) in base 4?
-232331
Convert -227 (base 16) to base 14.
-2b5
964 (base 12) to base 11
1038
21434 (base 5) to base 10
1494
Convert 317 (base 15) to base 2.
1010111001
What is 120012102 (base 3) in base 15?
343b
What is 641 (base 9) in base 2?
1000001011
101010 (base 2) to base 8
52
What is -28666 (base 9) in base 4?
-10300230
What is 1755 (base 11) in base 10?
2238
1101101000000 (base 2) to base 8
15500
What is -2003100 (base 4) in base 16?
-20d0
-503513 (base 6) to base 3
-2000111000
856 (base 10) to base 11
709
20110102 (base 3) to base 8
11145
What is 408 (base 10) in base 13?
255
What is -2224 (base 7) in base 6?
-3414
What is 1011011111 (base 2) in base 13?
447
658 (base 12) to base 13
569
What is -623 (base 8) in base 2?
-110010011
What is -9671 (base 10) in base 3?
-111021012
Convert -2348 (base 10) to base 4.
-210230
Convert -512 (base 7) to base 5.
-2004
What is 2101222 (base 3) in base 15?
7be
Convert -11152 (base 6) to base 13.
-947
-7622 (base 8) to base 13
-1a78
Convert -71c (base 13) to base 6.
-5332
2a15 (base 11) to base 8
7460
27a (base 11) to base 14
197
What is -8773 (base 10) in base 3?
-110000221
Convert -144 (base 9) to base 8.
-171
-4af (base 16) to base 2
-10010101111
What is -c123 (base 15) in base 13?
-15723
What is 10111000001110 (base 2) in base 11?
8949
What is 1201 (base 6) in base 3?
101201
What is -233440 (base 6) in base 5?
-1122011
What is -36 (base 14) in base 5?
-143
Convert -132 (base 6) to base 15.
-3b
Convert -27a (base 16) to base 11.
-527
Convert -2aaa (base 13) to base 9.
-8475
-c8 (base 15) to base 4
-2330
What is -782 (base 12) in base 3?
-1111222
-676 (base 10) to base 7
-1654
What is 47b (base 15) in base 11?
844
438 (base 11) to base 5
4100
Convert -62a3 (base 15) to base 2.
-101000101110101
-4455 (base 6) to base 15
-498
Convert -16179 (base 11) to base 12.
-1126a
What is 123bd (base 14) in base 16?
ae73
-52656 (base 10) to base 2
-1100110110110000
What is -ba60 (base 13) in base 16?
-654f
343243 (base 5) to base 13
57bc
Convert -203 (base 14) to base 16.
-18b
-274 (base 10) to base 8
-422
10412 (base 6) to base 9
1878
3326 (base 16) to base 11
9924
1221000011 (base 3) to base 9
57004
What is 197 (base 11) in base 16?
e3
101101010 (base 2) to base 5
2422
What is -2d0 (base 15) in base 11?
-537
Convert -12402 (base 16) to base 8.
-222002
Convert 6417 (base 9) to base 13.
21b8
Convert 10101000 (base 2) to base 6.
440
What is -5351 (base 8) in base 5?
-42133
-56511 (base 7) to base 12
-8350
What is 110001110001111 (base 2) in base 5?
1303422
What is -1010100101110011 (base 2) in base 4?
-22211303
What is aa88 (base 12) in base 16?
4988
Convert -19f8 (base 16) to base 8.
-14770
Convert 2002022201 (base 3) to base 8.
120143
-49d3 (base 16) to base 8
-44723
Convert 18515 (base 9) to base 15.
3be2
Convert 646 (base 12) to base 14.
498
-23716 (base 10) to base 9
-35471
Convert 12223 (base 4) to base 3.
120211
23176 (base 8) to base 5
303404
12732 (base 11) to base 8
43411
Convert -57162 (base 10) to base 3.
-2220102010
Convert -477 (base 12) to base 16.
-29b
Convert -1d94 (base 14) to base 16.
-152e
What is 304 (base 10) in base 13?
1a5
1301112 (base 5) to base 7
133226
What is 5a9 (base 14) in base 3?
1112211
14103 (base 6) to base 16
897
What is -113501 (base 6) in base 14?
-3873
What is -100310330 (base 4) in base 12?
-33a78
Convert 11000011101 (base 2) to base 5.
22230
Convert -6d18 (base 15) to base 8.
-55236
What is 3563 (base 9) in base 11?
1a99
What is -714 (base 11) in base 6?
-3554
What is 65543 (base 7) in base 12?
95a5
What is -406 (base 9) in base 2?
-101001010
Convert -10cb (base 13) to base 16.
-93c
What is 712 (base 8) in base 12?
322
10110000011000 (base 2) to base 10
11288
What is -1081 (base 11) in base 9?
-1847
-5d00 (base 14) to base 15
-4c48
What is -413311 (base 5) in base 6?
-142513
What is -316 (base 13) in base 7?
-1351
49 (base 16) to base 6
201
What is 120021200 (base 3) in base 13?
50c1
100000201 (base 3) to base 16
19b4
Convert -1000111111101 (base 2) to base 11.
-3507
What is 4727 (base 8) in base 7?
10226
11011100100110 (base 2) to base 10
14118
-121344 (base 5) to base 8
-10767
Convert -1407 (base 11) to base 10.
-1822
What is 1332 (base 5) in base 8?
331
What is 1d4 (base 14) in base 4?
11332
100110111111 (base 2) to base 9
3372
What is -1321 (base 5) in base 12?
-157
Convert -c29e (base 15) to base 13.
-15926
33e (base 15) to base 16
2de
-5420 (base 15) to base 9
-26373
What is 2a9 (base 11) in base 7?
1024
Convert -127154 (base 8) to base 7.
-244116
What is 10112112 (base 3) in base 8?
5023
Convert -150 (base 13) to base 7.
-453
1000110000100 (base 2) to base 3
20011002
What is 25a (base 11) in base 6?
1231
What is -9b3 (base 16) in base 4?
-212303
Convert -1a7 (base 11) to base 15.
-10d
-1001101 (base 3) to base 7
-2143
Convert -453430 (base 6) to base 8.
-112772
What is 12b69 (base 12) in base 14?
95cd
What is -87642 (base 9) in base 7?
-331301
Convert -116 (base 8) to base 12.
-66
What is -1001111101110 (base 2) in base 9?
-6888
-63 (base 10) to base 6
-143
-405 (base 8) to base 16
-105
What is -10 (base 15) in base 3?
-120
What is 558c (base 14) in base 15?
45d4
11023013 (base 4) to base 8
51307
Convert -10111110111100 (base 2) to base 4.
-2332330
Convert -94a (base 11) to base 6.
-5143
Convert -31 (base 16) to base 14.
-37
What is -1040 (base 12) in base 11?
-1375
What is 6c1b (base 14) in base 12?
aaa1
Convert 11010111100100 (base 2) to base 9.
20828
-13955 (base 13) to base 5
-2133433
What is 565 (base 10) in base 13?
346
Convert 7b7 (base 13) to base 9.
1741
What is -1dda (base 16) in base 15?
-23e7
What is -4485 (base 13) in base 6?
-112153
What is 448 (base 11) in base 6?
2252
What is -102744 (base 9) in base 4?
-32322322
Convert -801 (base 10) to base 12.
-569
What is -4665 (base 9) in base 10?
-3461
222114 (base 5) to base 15
248e
Convert 14263 (base 7) to base 6.
30044
What is -10010101011100 (base 2) in base 5?
-301224
What is 2b43 (base 12) in base 16?
13e3
Convert 4d8 (base 14) to base 3.
1100002
-48399 (base 10) to base 5
-3022044
Convert 1300033 (base 4) to base 16.
1c0f
1925 (base 12) to base 16
bed
What is -10231 (base 5) in base 12?
-497
Convert -1072a (base 11) to base 3.
-210021211
What is -1011331 (base 5) in base 15?
-4d2b
What is 33b (base 12) in base 5?
3404
What is -1113204 (base 5) in base 11?
-13974
Convert -10101110 (base 2) to base 16.
-ae
Convert -111000010100 (base 2) to base 13.
-1843
Convert -41007 (base 8) to base 12.
-9947
What is 62834 (base 9) in base 13?
15b77
Convert 11011000010 (base 2) to base 8.
3302
-40500 (base 6) to base 11
-4037
What is -101111222 (base 3) in base 10?
-7667
-c355 (base 13) to base 8
-64475
1020202 (base 6) to base 11
34069
21373 (base 8) to base 3
110021200
Convert 1526 (base 7) to base 16.
260
Convert -462b (base 12) to base 14.
-2bbd
Convert 37 (base 15) to base 12.
44
-10101 (base 2) to base 14
-17
Convert -1022212 (base 3) to base 15.
-448
-34421 (base 7) to base 3
-110001102
9530 (base 10) to base 8
22472
Convert e42 (base 15) to base 6.
22512
3256 (base 8) to base 2
11010101110
What is 12809 (base 11) in base 2?
100011101101000
100001100101011 (base 2) to base 5
1022240
What is 242